NOAA-Style Climate Reports

Select a Year or Month report
2020: Jan Feb Mar Apr May Jun Jul Aug Sep Oct Nov Dec
2019: Jan Feb Mar Apr May Jun Jul Aug Sep Oct Nov Dec
2018: Jan Feb Mar Apr May Jun Jul Aug Sep Oct Nov Dec
2017: Jan Feb Mar Apr May Jun Jul Aug Sep Oct Nov Dec
2016: Jan Feb Mar Apr May Jun Jul Aug Sep Oct Nov Dec

Report for 2020 March
                   Monthly Climatological Summary for Mar 2020

Name: WXstation   City: Topeka   State: Kansas
Elevation: 920 ft  Lat: N 39° 01' 34"   Lon: W 095° 42' 32"

                  Temperature (°F), Rain (in), Wind Speed (mph)

                                      Heat  Cool        Avg
    Mean                              Deg   Deg         Wind                 Dom
Day Temp  High   Time   Low    Time   Days  Days  Rain  Speed High   Time    Dir
----------------------------------------------------------------------------------
 1  57.1  72.9   11:34  45.0   07:10   9.2   1.3  0.00   2.5  16.8   23:15    SW
 2  43.6  54.7   12:12  33.8   23:57  21.4   0.0  0.00   2.6  13.6   00:24     N
 3  47.7  66.2   11:55  33.4   00:32  17.3   0.0  0.00   2.0  12.3   14:26     W
 4  51.2  66.9   11:42  34.5   06:48  14.0   0.2  0.00   1.2   8.3   01:09     W
 5  48.1  64.4   11:34  35.4   05:39  16.9   0.0  0.00   2.5  21.5   16:22    NW
 6  42.8  56.3   11:32  27.0   06:49  22.2   0.0  0.00   1.1   8.7   08:57   ESE
 7  53.9  70.2   11:49  35.4   05:24  12.1   1.0  0.00   3.3  12.8   10:15     S
 8  59.0  70.9   12:28  46.6   07:10   6.9   1.2  0.04   5.2  22.8   01:04     S
 9  48.3  58.1   13:11  37.8   23:50  16.7   0.0  1.06   3.0  15.0   16:27    SW
10  41.6  50.7   16:26  36.0   07:11  23.3   0.0  0.00   1.4   8.7   00:59   SSE
11  52.9  69.1   12:37  38.1   01:03  12.6   0.5  0.00   0.9   9.2   17:43   SSW
12  56.5  72.9   13:48  43.7   23:54   9.1   0.6  0.00   2.4  16.8   15:54   NNW
13  43.0  47.3   13:15  38.1   05:42  21.9   0.0  0.00   2.1  10.5   20:44    NE
14  38.6  42.1   00:00  37.0   04:46  26.4   0.0  0.47   2.5  11.0   14:44   ENE
15  37.6  41.0   13:29  34.9   08:27  27.4   0.0  0.00   1.8  10.5   02:16     E
16  42.2  49.3   14:36  37.6   03:01  22.8   0.0  0.24   0.5   6.3   19:18    NE
17  46.9  52.7   15:29  42.4   05:01  18.1   0.0  0.00   1.9   8.7   21:56   ESE
18  57.3  70.0   13:46  48.2   01:34   8.1   0.3  0.12   0.6   8.1   00:17    SE
19  66.7  79.5   13:34  50.2   23:56   2.7   4.4  0.39   2.8  16.3   23:44   SSW
20  38.3  50.2   00:00  29.1   23:57  26.7   0.0  0.00   5.1  18.8   12:12     N
21  38.9  55.6   12:37  23.7   06:03  26.1   0.0  0.00   1.8   8.7   17:59    SE
22  44.3  50.2   14:38  39.0   07:43  20.7   0.0  0.28   0.6   6.7   16:29    SE
23  50.3  56.5   15:04  45.7   07:13  14.6   0.0  0.00   0.9   7.6   14:53   ESE
24  51.9  59.4   15:04  46.9   07:57  13.1   0.0  0.00   1.5   8.3   13:44     E
25  59.5  74.1   16:52  48.0   04:01   8.0   2.5  0.00   2.6  13.2   15:07   SSE
26  58.6  68.7   11:27  51.1   07:25   6.7   0.4  0.04   1.5   9.2   10:11   NNE
27  57.3  64.9   16:53  52.5   06:48   7.6   0.0  0.04   0.8   9.6   21:36     N
28  59.8  79.3   12:30  46.4   23:57   7.2   1.9  0.00   4.7  22.4   14:05   WSW
29  56.5  82.6   12:33  41.4   06:23  10.7   2.2  0.00   3.7  16.8   15:34     W
30  56.7  82.6   12:20  37.2   06:59  10.5   2.4  0.00   1.5  11.0   14:29    SE
----------------------------------------------------------------------------------
    50.2  82.6    29    23.7    21   461.0  18.9  2.68   2.2  22.8     8     SSW

Max >=  80.0:  2
Max <=  32.0:  0
Min <=  32.0:  3
Min <=   0.0:  0
Max Rain: 1.06 on day 9
Days of Rain: 9 (>= 0.01 in)  6 (>= 0.10 in)  1 (>= 1.00 in)
Heat Base: 65.0  Cool Base: 65.0  Method: Integration